{"id":2,"date":"2012-01-12T17:21:05","date_gmt":"2012-01-12T17:21:05","guid":{"rendered":"http:\/\/www.ev-kg-breckerfeld.de\/kkb\/?page_id=2"},"modified":"2024-11-10T20:35:32","modified_gmt":"2024-11-10T20:35:32","slug":"beispiel-seite","status":"publish","type":"page","link":"https:\/\/www.jkg-breckerfeld.de\/kkb\/","title":{"rendered":"KINDERKLEIDERB\u00d6RSE\/SPIELZEUGB\u00d6RSE"},"content":{"rendered":"<p>Unsere n\u00e4chste<strong> Sommerkinderkleiderb\u00f6rse<br \/>\n<\/strong>inklusive Spielzeug, B\u00fccher, CDs, DVDs, Fahrzeuge, Umstandskleidung,u.a.<br \/>\nfindet am<\/p>\n<p><strong>Samstag 15.03.2025<br \/>\nvon 10:00 Uhr bis 14:00 Uhr <\/strong>statt.<strong><br \/>\n<\/strong><\/p>\n<p>Anmeldung f\u00fcr Verk\u00e4ufer\/innen \u00fcber:<a href=\"https:\/\/basarlino.de\/JY17\">https:\/\/basarlino\/JY17<\/a><\/p>\n<p>Anmeldung\/ Neuaufnahme\u00a0 f\u00fcr Helfer\/innen bzw. Fragen,die man zum Helfen hat unter der Mail-Adresse: <a href=\"javascript:DeCryptX('2m1l2d0h0e3o1g1f1s0@0m1b1j2n1\/1e2g')\"><strong><a href=\"javascript:DeCryptX('2m1l2d0h0e3o1g1f1s0@0m1b1j2n1\/1e2g')\"><img src=\"https:\/\/www.jkg-breckerfeld.de\/kkb\/353b8a6e6f9f22ca29af887844604fd9\/kkbhe&#108;&#102;&#101;&#114;&#64;mai&#108;.&#100;&#101;\" class=\"cryptxImage cryptxImage_0\" alt=\"k&#107;b&#104;&#101;&#108;&#102;er&#64;&#109;a&#105;l.de\" title=\"&#107;&#107;&#98;h&#101;lf&#101;r&#64;&#109;ail&#46;&#100;e\" \/><\/a> <\/strong><\/a>oder<br \/>\nper whatsapp-Nachricht bzw. SMS 015783036258<strong> (KEINE ANRUFE !!!)<br \/>\nBitte immer den vollst\u00e4ndigen Namen angeben.<\/strong><\/p>\n<p>Wir freuen uns darauf viele K\u00e4ufer\/innen im Martin-Luther-Haus,<br \/>\nMartin-Luther-Weg 3, 58339 Breckerfeld begr\u00fc\u00dfen zu d\u00fcrfen.<\/p>\n<p>F\u00fcr eure Terminplanung:<\/p>\n<p>Winterkleiderb\u00f6rse am 20.09.2025 <strong><br \/>\n<\/strong>Spielzeugb\u00f6rse inklusive B\u00fccher, CDs,DVDs,etc. am 08.11.2025<\/p>\n<p>Ansprechpartnerin bei Fragen rund um die Kleiderb\u00f6rse\/Spielzeugb\u00f6rse<br \/>\nJ. Braun Tel. 02338\/9155475<\/p>\n<p>Euer Kleiderb\u00f6rsenteam<\/p>\n","protected":false},"excerpt":{"rendered":"<p>Unsere n\u00e4chste Sommerkinderkleiderb\u00f6rse inklusive Spielzeug, B\u00fccher, CDs, DVDs, Fahrzeuge, Umstandskleidung,u.a. findet am Samstag 15.03.2025 von 10:00 Uhr bis 14:00 Uhr statt. Anmeldung f\u00fcr Verk\u00e4ufer\/innen \u00fcber:https:\/\/basarlino\/JY17 Anmeldung\/ Neuaufnahme\u00a0 f\u00fcr Helfer\/innen bzw. Fragen,die man zum Helfen hat unter der Mail-Adresse: oder per &hellip; <a href=\"https:\/\/www.jkg-breckerfeld.de\/kkb\/\">Weiterlesen <span class=\"meta-nav\">&rarr;<\/span><\/a><\/p>\n","protected":false},"author":1,"featured_media":0,"parent":0,"menu_order":0,"comment_status":"closed","ping_status":"closed","template":"sidebar-page.php","meta":{"footnotes":""},"class_list":["post-2","page","type-page","status-publish","hentry"],"_links":{"self":[{"href":"https:\/\/www.jkg-breckerfeld.de\/kkb\/index.php?rest_route=\/wp\/v2\/pages\/2","targetHints":{"allow":["GET"]}}],"collection":[{"href":"https:\/\/www.jkg-breckerfeld.de\/kkb\/index.php?rest_route=\/wp\/v2\/pages"}],"about":[{"href":"https:\/\/www.jkg-breckerfeld.de\/kkb\/index.php?rest_route=\/wp\/v2\/types\/page"}],"author":[{"embeddable":true,"href":"https:\/\/www.jkg-breckerfeld.de\/kkb\/index.php?rest_route=\/wp\/v2\/users\/1"}],"replies":[{"embeddable":true,"href":"https:\/\/www.jkg-breckerfeld.de\/kkb\/index.php?rest_route=%2Fwp%2Fv2%2Fcomments&post=2"}],"version-history":[{"count":123,"href":"https:\/\/www.jkg-breckerfeld.de\/kkb\/index.php?rest_route=\/wp\/v2\/pages\/2\/revisions"}],"predecessor-version":[{"id":328,"href":"https:\/\/www.jkg-breckerfeld.de\/kkb\/index.php?rest_route=\/wp\/v2\/pages\/2\/revisions\/328"}],"wp:attachment":[{"href":"https:\/\/www.jkg-breckerfeld.de\/kkb\/index.php?rest_route=%2Fwp%2Fv2%2Fmedia&parent=2"}],"curies":[{"name":"wp","href":"https:\/\/api.w.org\/{rel}","templated":true}]}}